or of 303161 and 61268.
289
Calculate the greatest common factor of 28 and 13551314.
14
Calculate the highest common divisor of 924820032 and 7104.
7104
What is the greatest common divisor of 744096 and 4876?
92
What is the greatest common divisor of 25163574 and 12?
6
What is the highest common factor of 1651397 and 1258?
17
Calculate the greatest common divisor of 609496 and 66409128.
12968
Calculate the greatest common divisor of 1126623237 and 15042.
7521
Calculate the greatest common factor of 254765005 and 44.
11
Calculate the highest common divisor of 15013475 and 300.
25
Calculate the greatest common factor of 1860425 and 700.
175
Calculate the greatest common factor of 4712987 and 11.
1
What is the greatest common divisor of 208975053 and 2793?
2793
What is the greatest common divisor of 21 and 117907216?
7
What is the highest common divisor of 34 and 858232709?
17
What is the greatest common divisor of 69493 and 67?
1
What is the greatest common divisor of 1365438 and 41118?
534
What is the highest common factor of 2 and 43162275?
1
Calculate the greatest common factor of 66795 and 177755.
365
What is the greatest common divisor of 803136 and 895632?
2256
Calculate the greatest common factor of 287 and 3369175.
41
Calculate the highest common factor of 32677568 and 1205512.
11704
What is the highest common divisor of 1604339 and 242?
121
What is the highest common divisor of 1018 and 6767155?
509
What is the greatest common factor of 48 and 5124304?
16
Calculate the highest common factor of 195798 and 291.
3
What is the greatest common divisor of 474526 and 11791?
13
What is the highest common factor of 1030434 and 4129626?
1578
Calculate the highest common divisor of 6 and 130750582.
2
What is the greatest common factor of 80 and 70487920?
80
Calculate the greatest common factor of 442899008 and 128.
64
Calculate the greatest common divisor of 420 and 30421830.
30
What is the highest common divisor of 865872 and 168?
168
What is the greatest common factor of 28717 and 25961?
13
What is the highest common divisor of 38293167 and 762?
381
What is the highest common factor of 55171742 and 662?
662
Calculate the highest common divisor of 7277078 and 1460.
146
Calculate the highest common factor of 17386925 and 100.
25
What is the highest common factor of 44077 and 36611959?
4007
What is the greatest common divisor of 2820088 and 184?
8
What is the greatest common divisor of 30547962 and 3915?
783
What is the greatest common factor of 20218143 and 66?
33
What is the highest common divisor of 494253682 and 884?
442
What is the highest common divisor of 1323 and 35773038?
441
What is the greatest common factor of 8 and 2060692?
4
Calculate the greatest common divisor of 75587061 and 1749.
33
What is the highest common factor of 408 and 1039550?
34
Calculate the highest common factor of 24496 and 3351359.
1531
Calculate the greatest common factor of 2992 and 89244628.
748
What is the highest common divisor of 256 and 5712288?
32
Calculate the greatest common divisor of 125590 and 14334446.
1322
What is the greatest common factor of 9541240 and 310?
10
Calculate the highest common factor of 926 and 94980283.
463
Calculate the greatest common factor of 6810960 and 33960.
120
What is the greatest common factor of 34894592 and 512?
256
Calculate the highest common factor of 6723618 and 660.
66
Calculate the highest common factor of 27477 and 33228.
639
What is the greatest common divisor of 200 and 5569624?
8
What is the greatest common factor of 74780544 and 720?
48
Calculate the greatest common factor of 153 and 194328003.
51
What is the highest common factor of 826820 and 1220?
20
What is the greatest common divisor of 32542596 and 108?
36
What is the greatest common divisor of 5025493 and 451?
451
Calculate the greatest common factor of 49632 and 628320.
1056
Calculate the highest common factor of 432 and 26829846.
54
What is the highest common divisor of 341857528 and 24?
8
What is the greatest common factor of 23892 and 2164217?
1991
Calculate the highest common factor of 5162 and 4422944.
178
Calculate the greatest common divisor of 366105508 and 54140.
10828
What is the greatest common divisor of 56639 and 3211?
19
What is the highest common divisor of 7734156 and 12?
12
Calculate the greatest common divisor of 20859 and 400248.
51
What is the highest common divisor of 956084 and 10538?
958
What is the highest common divisor of 22472357 and 17020?
851
What is the greatest common divisor of 1139500335 and 177?
177
What is the highest common divisor of 728583 and 54097?
1151
Calculate the highest common divisor of 3835 and 133047655.
3835
Calculate the highest common factor of 6016 and 19667056.
752
Calculate the highest common divisor of 32046976 and 832.
832
Calculate the highest common divisor of 119429456 and 18512.
1424
Calculate the greatest common factor of 101898 and 56508.
102
What is the greatest common divisor of 774432 and 46656?
288
Calculate the greatest common factor of 8624058 and 60.
6
Calculate the greatest common factor of 4087 and 73414781.
4087
What is the highest common divisor of 614691 and 3300?
33
Calculate the greatest common divisor of 2501214 and 1462134.
7422
Calculate the highest common factor of 19277167 and 10115.
2023
What is the greatest common divisor of 258336828 and 51?
51
What is the highest common factor of 931 and 30262421?
133
What is the highest common divisor of 55179 and 88917893?
6131
Calculate the greatest common factor of 20802 and 2748.
6
Calculate the highest common factor of 3515931 and 411597.
4959
Calculate the greatest common factor of 49 and 13364148.
7
Calculate the greatest common divisor of 11229 and 708909.
57
Calculate the greatest common factor of 33 and 18626193.
3
Calculate the greatest common divisor of 80 and 34995296.
16
Calculate the highest common divisor of 15028700 and 100.
100
Calculate the highest common divisor of 428 and 8233436.
428
Calculate the highest common divisor of 78195097 and 1541.
67
Calculate the highest common factor of 4086285 and 10605.
105
Calculate the highest common factor of 222342 and 18150.
6
Calculate the highest common divisor of 335154 and 3084.
6
Calculate the highest common divisor of 222580 and 6385174.
718
What is the highest common factor of 922255 and 10720?
335
What is the highest common divisor of 68 and 371819699?
17
What is the highest common factor of 9720 and 5532840?
1080
Calculate the highest common divisor of 352 and 8225520.
16
What is the greatest common factor of 586670 and 17918?
578
What is the highest common divisor of 5117 and 763169848?
5117
Calculate the highest common factor of 15544 and 4061972.
116
Calculate the greatest common divisor of 3437 and 5156080853.
3437
Calculate the highest common divisor of 3854124 and 648.
36
Calculate the highest common factor of 116807071 and 53.
53
Calculate the highest common divisor of 22480 and 385265612.
1124
What is the greatest common divisor of 1215 and 40748670?
1215
Calculate the greatest common factor of 308849464 and 168.
56
Calculate the greatest common divisor of 5531706 and 6858.
54
Calculate the highest common divisor of 93109 and 55925647.
5477
Calculate the greatest common factor of 124 and 145713268.
124
Calculate the greatest common factor of 3389431 and 2545.
509
What is the highest common factor of 10908393 and 218?
109
What is the highest common divisor of 2225 and 192351695?
445
Calculate the highest common factor of 3345 and 124305.
15
Calculate the highest common divisor of 155347455 and 705.
705
Calculate the highest common divisor of 1772488 and 98736.
136
What is the highest common divisor of 30 and 56377630?
10
Calculate the greatest common divisor of 26716340 and 3220.
3220
What is the highest common divisor of 692261 and 713?
31
What is the highest common factor of 54440309 and 231?
77
What is the highest common divisor of 919343 and 159599?
1319
What is the greatest common divisor of 711467 and 85?
17
What is the greatest common divisor of 1712317 and 747697?
233
What is the greatest common divisor of 291211552 and 145488?
6928
Calculate the highest common divisor of 2151 and 23318274.
717
What is the greatest common divisor of 1414 and 262638481?